{"id":1235,"date":"2021-10-15T09:11:42","date_gmt":"2021-10-15T09:11:42","guid":{"rendered":"https:\/\/www.petitesarvinesfully.ch\/producteurs\/pressoir-des-alpes\/"},"modified":"2024-01-25T11:46:00","modified_gmt":"2024-01-25T10:46:00","slug":"pressoir-des-alpes","status":"publish","type":"producer","link":"https:\/\/www.petitesarvinesfully.ch\/de\/producteurs\/pressoir-des-alpes\/","title":{"rendered":"Pressoir des Alpes"},"content":{"rendered":"<p>Seit dem Jahr 2000 bietet die Familie Carron Einzelpersonen und professionellen Anbietern an, ihre Fr\u00fcchte nach alter Handwerkskunst abzupressen. Die Br\u00fcder Mo\u00efse und Jordane haben den Familienbetrieb von ihrem Vater \u00fcbernommen und bieten saisonale Fr\u00fcchte und Gem\u00fcse an, die sie im Einklang mit der Natur produzierten.<\/p>\n","protected":false},"featured_media":2039,"template":"","producer_category":[33,31],"class_list":["post-1235","producer","type-producer","status-publish","has-post-thumbnail","hentry","producer_category-arboriculteur-de","producer_category-obst-und-gemueseproduzenten"],"acf":[],"yoast_head":"<!-- This site is optimized with the Yoast SEO plugin v27.5 - https:\/\/yoast.com\/product\/yoast-seo-wordpress\/ -->\n<title>Pressoir des Alpes - Petite Arvine<\/title>\n<meta name=\"robots\" content=\"index, follow, max-snippet:-1, max-image-preview:large, max-video-preview:-1\" \/>\n<link rel=\"canonical\" href=\"https:\/\/www.petitesarvinesfully.ch\/de\/producteurs\/pressoir-des-alpes\/\" \/>\n<meta property=\"og:locale\" content=\"de_DE\" \/>\n<meta property=\"og:type\" content=\"article\" \/>\n<meta property=\"og:title\" content=\"Pressoir des Alpes - Petite Arvine\" \/>\n<meta property=\"og:description\" content=\"Seit dem Jahr 2000 bietet die Familie Carron Einzelpersonen und professionellen Anbietern an, ihre Fr\u00fcchte nach alter Handwerkskunst abzupressen. Die&hellip; Weiterlesen Pressoir des Alpes\" \/>\n<meta property=\"og:url\" content=\"https:\/\/www.petitesarvinesfully.ch\/de\/producteurs\/pressoir-des-alpes\/\" \/>\n<meta property=\"og:site_name\" content=\"Petite Arvine\" \/>\n<meta property=\"article:publisher\" content=\"https:\/\/www.facebook.com\/petitesarvinesfully\" \/>\n<meta property=\"article:modified_time\" content=\"2024-01-25T10:46:00+00:00\" \/>\n<meta property=\"og:image\" content=\"https:\/\/www.petitesarvinesfully.ch\/wp-content\/uploads\/2021\/10\/petites-arvines-fully-pressoir-alpes-famille-carron.webp\" \/>\n\t<meta property=\"og:image:width\" content=\"1086\" \/>\n\t<meta property=\"og:image:height\" content=\"1536\" \/>\n\t<meta property=\"og:image:type\" content=\"image\/webp\" \/>\n<meta name=\"twitter:card\" content=\"summary_large_image\" \/>\n<meta name=\"twitter:label1\" content=\"Gesch\u00e4tzte Lesezeit\" \/>\n\t<meta name=\"twitter:data1\" content=\"1\u00a0Minute\" \/>\n<script type=\"application\/ld+json\" class=\"yoast-schema-graph\">{\"@context\":\"https:\\\/\\\/schema.org\",\"@graph\":[{\"@type\":\"WebPage\",\"@id\":\"https:\\\/\\\/www.petitesarvinesfully.ch\\\/de\\\/producteurs\\\/pressoir-des-alpes\\\/\",\"url\":\"https:\\\/\\\/www.petitesarvinesfully.ch\\\/de\\\/producteurs\\\/pressoir-des-alpes\\\/\",\"name\":\"Pressoir des Alpes - Petite Arvine\",\"isPartOf\":{\"@id\":\"https:\\\/\\\/www.petitesarvinesfully.ch\\\/de\\\/#website\"},\"primaryImageOfPage\":{\"@id\":\"https:\\\/\\\/www.petitesarvinesfully.ch\\\/de\\\/producteurs\\\/pressoir-des-alpes\\\/#primaryimage\"},\"image\":{\"@id\":\"https:\\\/\\\/www.petitesarvinesfully.ch\\\/de\\\/producteurs\\\/pressoir-des-alpes\\\/#primaryimage\"},\"thumbnailUrl\":\"https:\\\/\\\/www.petitesarvinesfully.ch\\\/wp-content\\\/uploads\\\/2021\\\/10\\\/petites-arvines-fully-pressoir-alpes-famille-carron.webp\",\"datePublished\":\"2021-10-15T09:11:42+00:00\",\"dateModified\":\"2024-01-25T10:46:00+00:00\",\"breadcrumb\":{\"@id\":\"https:\\\/\\\/www.petitesarvinesfully.ch\\\/de\\\/producteurs\\\/pressoir-des-alpes\\\/#breadcrumb\"},\"inLanguage\":\"de\",\"potentialAction\":[{\"@type\":\"ReadAction\",\"target\":[\"https:\\\/\\\/www.petitesarvinesfully.ch\\\/de\\\/producteurs\\\/pressoir-des-alpes\\\/\"]}]},{\"@type\":\"ImageObject\",\"inLanguage\":\"de\",\"@id\":\"https:\\\/\\\/www.petitesarvinesfully.ch\\\/de\\\/producteurs\\\/pressoir-des-alpes\\\/#primaryimage\",\"url\":\"https:\\\/\\\/www.petitesarvinesfully.ch\\\/wp-content\\\/uploads\\\/2021\\\/10\\\/petites-arvines-fully-pressoir-alpes-famille-carron.webp\",\"contentUrl\":\"https:\\\/\\\/www.petitesarvinesfully.ch\\\/wp-content\\\/uploads\\\/2021\\\/10\\\/petites-arvines-fully-pressoir-alpes-famille-carron.webp\",\"width\":1086,\"height\":1536,\"caption\":\"Pressoir des Alpes - Paul, Moise et Jordane Carron\"},{\"@type\":\"BreadcrumbList\",\"@id\":\"https:\\\/\\\/www.petitesarvinesfully.ch\\\/de\\\/producteurs\\\/pressoir-des-alpes\\\/#breadcrumb\",\"itemListElement\":[{\"@type\":\"ListItem\",\"position\":1,\"name\":\"Accueil\",\"item\":\"https:\\\/\\\/www.petitesarvinesfully.ch\\\/de\\\/\"},{\"@type\":\"ListItem\",\"position\":2,\"name\":\"Pressoir des Alpes\"}]},{\"@type\":\"WebSite\",\"@id\":\"https:\\\/\\\/www.petitesarvinesfully.ch\\\/de\\\/#website\",\"url\":\"https:\\\/\\\/www.petitesarvinesfully.ch\\\/de\\\/\",\"name\":\"Petite Arvine\",\"description\":\"Just another WordPress site\",\"publisher\":{\"@id\":\"https:\\\/\\\/www.petitesarvinesfully.ch\\\/de\\\/#organization\"},\"potentialAction\":[{\"@type\":\"SearchAction\",\"target\":{\"@type\":\"EntryPoint\",\"urlTemplate\":\"https:\\\/\\\/www.petitesarvinesfully.ch\\\/de\\\/?s={search_term_string}\"},\"query-input\":{\"@type\":\"PropertyValueSpecification\",\"valueRequired\":true,\"valueName\":\"search_term_string\"}}],\"inLanguage\":\"de\"},{\"@type\":\"Organization\",\"@id\":\"https:\\\/\\\/www.petitesarvinesfully.ch\\\/de\\\/#organization\",\"name\":\"Fully Destination Petite Arvine\",\"url\":\"https:\\\/\\\/www.petitesarvinesfully.ch\\\/de\\\/\",\"logo\":{\"@type\":\"ImageObject\",\"inLanguage\":\"de\",\"@id\":\"https:\\\/\\\/www.petitesarvinesfully.ch\\\/de\\\/#\\\/schema\\\/logo\\\/image\\\/\",\"url\":\"https:\\\/\\\/www.petitesarvinesfully.ch\\\/wp-content\\\/uploads\\\/2023\\\/12\\\/logo-petites-arvines-fully.png\",\"contentUrl\":\"https:\\\/\\\/www.petitesarvinesfully.ch\\\/wp-content\\\/uploads\\\/2023\\\/12\\\/logo-petites-arvines-fully.png\",\"width\":1200,\"height\":1200,\"caption\":\"Fully Destination Petite Arvine\"},\"image\":{\"@id\":\"https:\\\/\\\/www.petitesarvinesfully.ch\\\/de\\\/#\\\/schema\\\/logo\\\/image\\\/\"},\"sameAs\":[\"https:\\\/\\\/www.facebook.com\\\/petitesarvinesfully\",\"https:\\\/\\\/www.instagram.com\\\/petitesarvinesfully\\\/\"]}]}<\/script>\n<!-- \/ Yoast SEO plugin. -->","yoast_head_json":{"title":"Pressoir des Alpes - Petite Arvine","robots":{"index":"index","follow":"follow","max-snippet":"max-snippet:-1","max-image-preview":"max-image-preview:large","max-video-preview":"max-video-preview:-1"},"canonical":"https:\/\/www.petitesarvinesfully.ch\/de\/producteurs\/pressoir-des-alpes\/","og_locale":"de_DE","og_type":"article","og_title":"Pressoir des Alpes - Petite Arvine","og_description":"Seit dem Jahr 2000 bietet die Familie Carron Einzelpersonen und professionellen Anbietern an, ihre Fr\u00fcchte nach alter Handwerkskunst abzupressen. Die&hellip; Weiterlesen Pressoir des Alpes","og_url":"https:\/\/www.petitesarvinesfully.ch\/de\/producteurs\/pressoir-des-alpes\/","og_site_name":"Petite Arvine","article_publisher":"https:\/\/www.facebook.com\/petitesarvinesfully","article_modified_time":"2024-01-25T10:46:00+00:00","og_image":[{"width":1086,"height":1536,"url":"https:\/\/www.petitesarvinesfully.ch\/wp-content\/uploads\/2021\/10\/petites-arvines-fully-pressoir-alpes-famille-carron.webp","type":"image\/webp"}],"twitter_card":"summary_large_image","twitter_misc":{"Gesch\u00e4tzte Lesezeit":"1\u00a0Minute"},"schema":{"@context":"https:\/\/schema.org","@graph":[{"@type":"WebPage","@id":"https:\/\/www.petitesarvinesfully.ch\/de\/producteurs\/pressoir-des-alpes\/","url":"https:\/\/www.petitesarvinesfully.ch\/de\/producteurs\/pressoir-des-alpes\/","name":"Pressoir des Alpes - Petite Arvine","isPartOf":{"@id":"https:\/\/www.petitesarvinesfully.ch\/de\/#website"},"primaryImageOfPage":{"@id":"https:\/\/www.petitesarvinesfully.ch\/de\/producteurs\/pressoir-des-alpes\/#primaryimage"},"image":{"@id":"https:\/\/www.petitesarvinesfully.ch\/de\/producteurs\/pressoir-des-alpes\/#primaryimage"},"thumbnailUrl":"https:\/\/www.petitesarvinesfully.ch\/wp-content\/uploads\/2021\/10\/petites-arvines-fully-pressoir-alpes-famille-carron.webp","datePublished":"2021-10-15T09:11:42+00:00","dateModified":"2024-01-25T10:46:00+00:00","breadcrumb":{"@id":"https:\/\/www.petitesarvinesfully.ch\/de\/producteurs\/pressoir-des-alpes\/#breadcrumb"},"inLanguage":"de","potentialAction":[{"@type":"ReadAction","target":["https:\/\/www.petitesarvinesfully.ch\/de\/producteurs\/pressoir-des-alpes\/"]}]},{"@type":"ImageObject","inLanguage":"de","@id":"https:\/\/www.petitesarvinesfully.ch\/de\/producteurs\/pressoir-des-alpes\/#primaryimage","url":"https:\/\/www.petitesarvinesfully.ch\/wp-content\/uploads\/2021\/10\/petites-arvines-fully-pressoir-alpes-famille-carron.webp","contentUrl":"https:\/\/www.petitesarvinesfully.ch\/wp-content\/uploads\/2021\/10\/petites-arvines-fully-pressoir-alpes-famille-carron.webp","width":1086,"height":1536,"caption":"Pressoir des Alpes - Paul, Moise et Jordane Carron"},{"@type":"BreadcrumbList","@id":"https:\/\/www.petitesarvinesfully.ch\/de\/producteurs\/pressoir-des-alpes\/#breadcrumb","itemListElement":[{"@type":"ListItem","position":1,"name":"Accueil","item":"https:\/\/www.petitesarvinesfully.ch\/de\/"},{"@type":"ListItem","position":2,"name":"Pressoir des Alpes"}]},{"@type":"WebSite","@id":"https:\/\/www.petitesarvinesfully.ch\/de\/#website","url":"https:\/\/www.petitesarvinesfully.ch\/de\/","name":"Petite Arvine","description":"Just another WordPress site","publisher":{"@id":"https:\/\/www.petitesarvinesfully.ch\/de\/#organization"},"potentialAction":[{"@type":"SearchAction","target":{"@type":"EntryPoint","urlTemplate":"https:\/\/www.petitesarvinesfully.ch\/de\/?s={search_term_string}"},"query-input":{"@type":"PropertyValueSpecification","valueRequired":true,"valueName":"search_term_string"}}],"inLanguage":"de"},{"@type":"Organization","@id":"https:\/\/www.petitesarvinesfully.ch\/de\/#organization","name":"Fully Destination Petite Arvine","url":"https:\/\/www.petitesarvinesfully.ch\/de\/","logo":{"@type":"ImageObject","inLanguage":"de","@id":"https:\/\/www.petitesarvinesfully.ch\/de\/#\/schema\/logo\/image\/","url":"https:\/\/www.petitesarvinesfully.ch\/wp-content\/uploads\/2023\/12\/logo-petites-arvines-fully.png","contentUrl":"https:\/\/www.petitesarvinesfully.ch\/wp-content\/uploads\/2023\/12\/logo-petites-arvines-fully.png","width":1200,"height":1200,"caption":"Fully Destination Petite Arvine"},"image":{"@id":"https:\/\/www.petitesarvinesfully.ch\/de\/#\/schema\/logo\/image\/"},"sameAs":["https:\/\/www.facebook.com\/petitesarvinesfully","https:\/\/www.instagram.com\/petitesarvinesfully\/"]}]}},"_links":{"self":[{"href":"https:\/\/www.petitesarvinesfully.ch\/de\/wp-json\/wp\/v2\/producer\/1235","targetHints":{"allow":["GET"]}}],"collection":[{"href":"https:\/\/www.petitesarvinesfully.ch\/de\/wp-json\/wp\/v2\/producer"}],"about":[{"href":"https:\/\/www.petitesarvinesfully.ch\/de\/wp-json\/wp\/v2\/types\/producer"}],"wp:featuredmedia":[{"embeddable":true,"href":"https:\/\/www.petitesarvinesfully.ch\/de\/wp-json\/wp\/v2\/media\/2039"}],"wp:attachment":[{"href":"https:\/\/www.petitesarvinesfully.ch\/de\/wp-json\/wp\/v2\/media?parent=1235"}],"wp:term":[{"taxonomy":"producer_category","embeddable":true,"href":"https:\/\/www.petitesarvinesfully.ch\/de\/wp-json\/wp\/v2\/producer_category?post=1235"}],"curies":[{"name":"wp","href":"https:\/\/api.w.org\/{rel}","templated":true}]}}

<p>Seit dem Jahr 2000 bietet die Familie Carron Einzelpersonen und professionellen Anbietern an, ihre Früchte nach alter Handwerkskunst abzupressen. Die Brüder Moïse und Jordane haben den Familienbetrieb von ihrem Vater übernommen und bieten saisonale Früchte und Gemüse an, die sie im Einklang mit der Natur produzierten.</p>

<!-- This site is optimized with the Yoast SEO plugin v27.5 - https://yoast.com/product/yoast-seo-wordpress/ -->
<title>Pressoir des Alpes - Petite Arvine</title>
<meta name="robots" content="index, follow, max-snippet:-1, max-image-preview:large, max-video-preview:-1" />
<link rel="canonical" href="https://www.petitesarvinesfully.ch/de/producteurs/pressoir-des-alpes/" />
<meta property="og:locale" content="de_DE" />
<meta property="og:type" content="article" />
<meta property="og:title" content="Pressoir des Alpes - Petite Arvine" />
<meta property="og:description" content="Seit dem Jahr 2000 bietet die Familie Carron Einzelpersonen und professionellen Anbietern an, ihre Früchte nach alter Handwerkskunst abzupressen. Die&hellip; Weiterlesen Pressoir des Alpes" />
<meta property="og:url" content="https://www.petitesarvinesfully.ch/de/producteurs/pressoir-des-alpes/" />
<meta property="og:site_name" content="Petite Arvine" />
<meta property="article:publisher" content="https://www.facebook.com/petitesarvinesfully" />
<meta property="article:modified_time" content="2024-01-25T10:46:00+00:00" />
<meta property="og:image" content="https://www.petitesarvinesfully.ch/wp-content/uploads/2021/10/petites-arvines-fully-pressoir-alpes-famille-carron.webp" />
	<meta property="og:image:width" content="1086" />
	<meta property="og:image:height" content="1536" />
	<meta property="og:image:type" content="image/webp" />
<meta name="twitter:card" content="summary_large_image" />
<meta name="twitter:label1" content="Geschätzte Lesezeit" />
	<meta name="twitter:data1" content="1 Minute" />
<script type="application/ld+json" class="yoast-schema-graph">{"@context":"https:\/\/schema.org","@graph":[{"@type":"WebPage","@id":"https:\/\/www.petitesarvinesfully.ch\/de\/producteurs\/pressoir-des-alpes\/","url":"https:\/\/www.petitesarvinesfully.ch\/de\/producteurs\/pressoir-des-alpes\/","name":"Pressoir des Alpes - Petite Arvine","isPartOf":{"@id":"https:\/\/www.petitesarvinesfully.ch\/de\/#website"},"primaryImageOfPage":{"@id":"https:\/\/www.petitesarvinesfully.ch\/de\/producteurs\/pressoir-des-alpes\/#primaryimage"},"image":{"@id":"https:\/\/www.petitesarvinesfully.ch\/de\/producteurs\/pressoir-des-alpes\/#primaryimage"},"thumbnailUrl":"https:\/\/www.petitesarvinesfully.ch\/wp-content\/uploads\/2021\/10\/petites-arvines-fully-pressoir-alpes-famille-carron.webp","datePublished":"2021-10-15T09:11:42+00:00","dateModified":"2024-01-25T10:46:00+00:00","breadcrumb":{"@id":"https:\/\/www.petitesarvinesfully.ch\/de\/producteurs\/pressoir-des-alpes\/#breadcrumb"},"inLanguage":"de","potentialAction":[{"@type":"ReadAction","target":["https:\/\/www.petitesarvinesfully.ch\/de\/producteurs\/pressoir-des-alpes\/"]}]},{"@type":"ImageObject","inLanguage":"de","@id":"https:\/\/www.petitesarvinesfully.ch\/de\/producteurs\/pressoir-des-alpes\/#primaryimage","url":"https:\/\/www.petitesarvinesfully.ch\/wp-content\/uploads\/2021\/10\/petites-arvines-fully-pressoir-alpes-famille-carron.webp","contentUrl":"https:\/\/www.petitesarvinesfully.ch\/wp-content\/uploads\/2021\/10\/petites-arvines-fully-pressoir-alpes-famille-carron.webp","width":1086,"height":1536,"caption":"Pressoir des Alpes - Paul, Moise et Jordane Carron"},{"@type":"BreadcrumbList","@id":"https:\/\/www.petitesarvinesfully.ch\/de\/producteurs\/pressoir-des-alpes\/#breadcrumb","itemListElement":[{"@type":"ListItem","position":1,"name":"Accueil","item":"https:\/\/www.petitesarvinesfully.ch\/de\/"},{"@type":"ListItem","position":2,"name":"Pressoir des Alpes"}]},{"@type":"WebSite","@id":"https:\/\/www.petitesarvinesfully.ch\/de\/#website","url":"https:\/\/www.petitesarvinesfully.ch\/de\/","name":"Petite Arvine","description":"Just another WordPress site","publisher":{"@id":"https:\/\/www.petitesarvinesfully.ch\/de\/#organization"},"potentialAction":[{"@type":"SearchAction","target":{"@type":"EntryPoint","urlTemplate":"https:\/\/www.petitesarvinesfully.ch\/de\/?s={search_term_string}"},"query-input":{"@type":"PropertyValueSpecification","valueRequired":true,"valueName":"search_term_string"}}],"inLanguage":"de"},{"@type":"Organization","@id":"https:\/\/www.petitesarvinesfully.ch\/de\/#organization","name":"Fully Destination Petite Arvine","url":"https:\/\/www.petitesarvinesfully.ch\/de\/","logo":{"@type":"ImageObject","inLanguage":"de","@id":"https:\/\/www.petitesarvinesfully.ch\/de\/#\/schema\/logo\/image\/","url":"https:\/\/www.petitesarvinesfully.ch\/wp-content\/uploads\/2023\/12\/logo-petites-arvines-fully.png","contentUrl":"https:\/\/www.petitesarvinesfully.ch\/wp-content\/uploads\/2023\/12\/logo-petites-arvines-fully.png","width":1200,"height":1200,"caption":"Fully Destination Petite Arvine"},"image":{"@id":"https:\/\/www.petitesarvinesfully.ch\/de\/#\/schema\/logo\/image\/"},"sameAs":["https:\/\/www.facebook.com\/petitesarvinesfully","https:\/\/www.instagram.com\/petitesarvinesfully\/"]}]}</script>
<!-- / Yoast SEO plugin. -->

Seit dem Jahr 2000 bietet die Familie Carron Einzelpersonen und professionellen Anbietern an, ihre Früchte nach alter Handwerkskunst abzupressen. Die&hellip; Weiterlesen Pressoir des Alpes
