{"id":1200,"date":"2021-09-30T12:09:21","date_gmt":"2021-09-30T12:09:21","guid":{"rendered":"https:\/\/www.petitesarvinesfully.ch\/producteurs\/cave-jean-maret\/"},"modified":"2024-01-25T17:14:24","modified_gmt":"2024-01-25T16:14:24","slug":"cave-jean-maret","status":"publish","type":"producer","link":"https:\/\/www.petitesarvinesfully.ch\/de\/producteurs\/cave-jean-maret\/","title":{"rendered":"Cave Jean Maret"},"content":{"rendered":"<p>Mit dem \u00d6nlogie-Diplom der Fachhochschule Changins in der Tasche \u00fcbernimmt Anthony im Jahre 2002 das Zepter des Familienbetriebes, welcher anfangs der 1950er- Jahre von Jean Maret, seinem Grossvater, gegr\u00fcndet wurde. Die Weinst\u00f6cke auf dem 3 ha umfassenden Betrieb sind ausschliesslich auf terrassierten Rebh\u00e4ngen angepflanzt. Der Petite Arvine und der Cornalin sind ohne Zweifel seine \u00abSpeerspitzen\u00bb. Das granithaltige Terroir von Fully bringt die besonderen Qualit\u00e4ten dieser Rebsorten voll zum Tragen.<\/p>\n","protected":false},"featured_media":2114,"template":"","producer_category":[30],"class_list":["post-1200","producer","type-producer","status-publish","has-post-thumbnail","hentry","producer_category-weinmacher"],"acf":[],"yoast_head":"<!-- This site is optimized with the Yoast SEO plugin v27.5 - https:\/\/yoast.com\/product\/yoast-seo-wordpress\/ -->\n<title>Cave Jean Maret - Petite Arvine<\/title>\n<meta name=\"robots\" content=\"index, follow, max-snippet:-1, max-image-preview:large, max-video-preview:-1\" \/>\n<link rel=\"canonical\" href=\"https:\/\/www.petitesarvinesfully.ch\/de\/producteurs\/cave-jean-maret\/\" \/>\n<meta property=\"og:locale\" content=\"de_DE\" \/>\n<meta property=\"og:type\" content=\"article\" \/>\n<meta property=\"og:title\" content=\"Cave Jean Maret - Petite Arvine\" \/>\n<meta property=\"og:description\" content=\"Mit dem \u00d6nlogie-Diplom der Fachhochschule Changins in der Tasche \u00fcbernimmt Anthony im Jahre 2002 das Zepter des Familienbetriebes, welcher anfangs&hellip; Weiterlesen Cave Jean Maret\" \/>\n<meta property=\"og:url\" content=\"https:\/\/www.petitesarvinesfully.ch\/de\/producteurs\/cave-jean-maret\/\" \/>\n<meta property=\"og:site_name\" content=\"Petite Arvine\" \/>\n<meta property=\"article:publisher\" content=\"https:\/\/www.facebook.com\/petitesarvinesfully\" \/>\n<meta property=\"article:modified_time\" content=\"2024-01-25T16:14:24+00:00\" \/>\n<meta property=\"og:image\" content=\"https:\/\/www.petitesarvinesfully.ch\/wp-content\/uploads\/2021\/09\/petites-arvines-fully-cave-jean-maret-anthony-baselgia.webp\" \/>\n\t<meta property=\"og:image:width\" content=\"1086\" \/>\n\t<meta property=\"og:image:height\" content=\"1536\" \/>\n\t<meta property=\"og:image:type\" content=\"image\/webp\" \/>\n<meta name=\"twitter:card\" content=\"summary_large_image\" \/>\n<meta name=\"twitter:label1\" content=\"Gesch\u00e4tzte Lesezeit\" \/>\n\t<meta name=\"twitter:data1\" content=\"1\u00a0Minute\" \/>\n<script type=\"application\/ld+json\" class=\"yoast-schema-graph\">{\"@context\":\"https:\\\/\\\/schema.org\",\"@graph\":[{\"@type\":\"WebPage\",\"@id\":\"https:\\\/\\\/www.petitesarvinesfully.ch\\\/de\\\/producteurs\\\/cave-jean-maret\\\/\",\"url\":\"https:\\\/\\\/www.petitesarvinesfully.ch\\\/de\\\/producteurs\\\/cave-jean-maret\\\/\",\"name\":\"Cave Jean Maret - Petite Arvine\",\"isPartOf\":{\"@id\":\"https:\\\/\\\/www.petitesarvinesfully.ch\\\/de\\\/#website\"},\"primaryImageOfPage\":{\"@id\":\"https:\\\/\\\/www.petitesarvinesfully.ch\\\/de\\\/producteurs\\\/cave-jean-maret\\\/#primaryimage\"},\"image\":{\"@id\":\"https:\\\/\\\/www.petitesarvinesfully.ch\\\/de\\\/producteurs\\\/cave-jean-maret\\\/#primaryimage\"},\"thumbnailUrl\":\"https:\\\/\\\/www.petitesarvinesfully.ch\\\/wp-content\\\/uploads\\\/2021\\\/09\\\/petites-arvines-fully-cave-jean-maret-anthony-baselgia.webp\",\"datePublished\":\"2021-09-30T12:09:21+00:00\",\"dateModified\":\"2024-01-25T16:14:24+00:00\",\"breadcrumb\":{\"@id\":\"https:\\\/\\\/www.petitesarvinesfully.ch\\\/de\\\/producteurs\\\/cave-jean-maret\\\/#breadcrumb\"},\"inLanguage\":\"de\",\"potentialAction\":[{\"@type\":\"ReadAction\",\"target\":[\"https:\\\/\\\/www.petitesarvinesfully.ch\\\/de\\\/producteurs\\\/cave-jean-maret\\\/\"]}]},{\"@type\":\"ImageObject\",\"inLanguage\":\"de\",\"@id\":\"https:\\\/\\\/www.petitesarvinesfully.ch\\\/de\\\/producteurs\\\/cave-jean-maret\\\/#primaryimage\",\"url\":\"https:\\\/\\\/www.petitesarvinesfully.ch\\\/wp-content\\\/uploads\\\/2021\\\/09\\\/petites-arvines-fully-cave-jean-maret-anthony-baselgia.webp\",\"contentUrl\":\"https:\\\/\\\/www.petitesarvinesfully.ch\\\/wp-content\\\/uploads\\\/2021\\\/09\\\/petites-arvines-fully-cave-jean-maret-anthony-baselgia.webp\",\"width\":1086,\"height\":1536,\"caption\":\"Petites Arvines de Fully - Cave Jean Maret - Anthony Baselgia\"},{\"@type\":\"BreadcrumbList\",\"@id\":\"https:\\\/\\\/www.petitesarvinesfully.ch\\\/de\\\/producteurs\\\/cave-jean-maret\\\/#breadcrumb\",\"itemListElement\":[{\"@type\":\"ListItem\",\"position\":1,\"name\":\"Accueil\",\"item\":\"https:\\\/\\\/www.petitesarvinesfully.ch\\\/de\\\/\"},{\"@type\":\"ListItem\",\"position\":2,\"name\":\"Cave Jean Maret\"}]},{\"@type\":\"WebSite\",\"@id\":\"https:\\\/\\\/www.petitesarvinesfully.ch\\\/de\\\/#website\",\"url\":\"https:\\\/\\\/www.petitesarvinesfully.ch\\\/de\\\/\",\"name\":\"Petite Arvine\",\"description\":\"Just another WordPress site\",\"publisher\":{\"@id\":\"https:\\\/\\\/www.petitesarvinesfully.ch\\\/de\\\/#organization\"},\"potentialAction\":[{\"@type\":\"SearchAction\",\"target\":{\"@type\":\"EntryPoint\",\"urlTemplate\":\"https:\\\/\\\/www.petitesarvinesfully.ch\\\/de\\\/?s={search_term_string}\"},\"query-input\":{\"@type\":\"PropertyValueSpecification\",\"valueRequired\":true,\"valueName\":\"search_term_string\"}}],\"inLanguage\":\"de\"},{\"@type\":\"Organization\",\"@id\":\"https:\\\/\\\/www.petitesarvinesfully.ch\\\/de\\\/#organization\",\"name\":\"Fully Destination Petite Arvine\",\"url\":\"https:\\\/\\\/www.petitesarvinesfully.ch\\\/de\\\/\",\"logo\":{\"@type\":\"ImageObject\",\"inLanguage\":\"de\",\"@id\":\"https:\\\/\\\/www.petitesarvinesfully.ch\\\/de\\\/#\\\/schema\\\/logo\\\/image\\\/\",\"url\":\"https:\\\/\\\/www.petitesarvinesfully.ch\\\/wp-content\\\/uploads\\\/2023\\\/12\\\/logo-petites-arvines-fully.png\",\"contentUrl\":\"https:\\\/\\\/www.petitesarvinesfully.ch\\\/wp-content\\\/uploads\\\/2023\\\/12\\\/logo-petites-arvines-fully.png\",\"width\":1200,\"height\":1200,\"caption\":\"Fully Destination Petite Arvine\"},\"image\":{\"@id\":\"https:\\\/\\\/www.petitesarvinesfully.ch\\\/de\\\/#\\\/schema\\\/logo\\\/image\\\/\"},\"sameAs\":[\"https:\\\/\\\/www.facebook.com\\\/petitesarvinesfully\",\"https:\\\/\\\/www.instagram.com\\\/petitesarvinesfully\\\/\"]}]}<\/script>\n<!-- \/ Yoast SEO plugin. -->","yoast_head_json":{"title":"Cave Jean Maret - Petite Arvine","robots":{"index":"index","follow":"follow","max-snippet":"max-snippet:-1","max-image-preview":"max-image-preview:large","max-video-preview":"max-video-preview:-1"},"canonical":"https:\/\/www.petitesarvinesfully.ch\/de\/producteurs\/cave-jean-maret\/","og_locale":"de_DE","og_type":"article","og_title":"Cave Jean Maret - Petite Arvine","og_description":"Mit dem \u00d6nlogie-Diplom der Fachhochschule Changins in der Tasche \u00fcbernimmt Anthony im Jahre 2002 das Zepter des Familienbetriebes, welcher anfangs&hellip; Weiterlesen Cave Jean Maret","og_url":"https:\/\/www.petitesarvinesfully.ch\/de\/producteurs\/cave-jean-maret\/","og_site_name":"Petite Arvine","article_publisher":"https:\/\/www.facebook.com\/petitesarvinesfully","article_modified_time":"2024-01-25T16:14:24+00:00","og_image":[{"width":1086,"height":1536,"url":"https:\/\/www.petitesarvinesfully.ch\/wp-content\/uploads\/2021\/09\/petites-arvines-fully-cave-jean-maret-anthony-baselgia.webp","type":"image\/webp"}],"twitter_card":"summary_large_image","twitter_misc":{"Gesch\u00e4tzte Lesezeit":"1\u00a0Minute"},"schema":{"@context":"https:\/\/schema.org","@graph":[{"@type":"WebPage","@id":"https:\/\/www.petitesarvinesfully.ch\/de\/producteurs\/cave-jean-maret\/","url":"https:\/\/www.petitesarvinesfully.ch\/de\/producteurs\/cave-jean-maret\/","name":"Cave Jean Maret - Petite Arvine","isPartOf":{"@id":"https:\/\/www.petitesarvinesfully.ch\/de\/#website"},"primaryImageOfPage":{"@id":"https:\/\/www.petitesarvinesfully.ch\/de\/producteurs\/cave-jean-maret\/#primaryimage"},"image":{"@id":"https:\/\/www.petitesarvinesfully.ch\/de\/producteurs\/cave-jean-maret\/#primaryimage"},"thumbnailUrl":"https:\/\/www.petitesarvinesfully.ch\/wp-content\/uploads\/2021\/09\/petites-arvines-fully-cave-jean-maret-anthony-baselgia.webp","datePublished":"2021-09-30T12:09:21+00:00","dateModified":"2024-01-25T16:14:24+00:00","breadcrumb":{"@id":"https:\/\/www.petitesarvinesfully.ch\/de\/producteurs\/cave-jean-maret\/#breadcrumb"},"inLanguage":"de","potentialAction":[{"@type":"ReadAction","target":["https:\/\/www.petitesarvinesfully.ch\/de\/producteurs\/cave-jean-maret\/"]}]},{"@type":"ImageObject","inLanguage":"de","@id":"https:\/\/www.petitesarvinesfully.ch\/de\/producteurs\/cave-jean-maret\/#primaryimage","url":"https:\/\/www.petitesarvinesfully.ch\/wp-content\/uploads\/2021\/09\/petites-arvines-fully-cave-jean-maret-anthony-baselgia.webp","contentUrl":"https:\/\/www.petitesarvinesfully.ch\/wp-content\/uploads\/2021\/09\/petites-arvines-fully-cave-jean-maret-anthony-baselgia.webp","width":1086,"height":1536,"caption":"Petites Arvines de Fully - Cave Jean Maret - Anthony Baselgia"},{"@type":"BreadcrumbList","@id":"https:\/\/www.petitesarvinesfully.ch\/de\/producteurs\/cave-jean-maret\/#breadcrumb","itemListElement":[{"@type":"ListItem","position":1,"name":"Accueil","item":"https:\/\/www.petitesarvinesfully.ch\/de\/"},{"@type":"ListItem","position":2,"name":"Cave Jean Maret"}]},{"@type":"WebSite","@id":"https:\/\/www.petitesarvinesfully.ch\/de\/#website","url":"https:\/\/www.petitesarvinesfully.ch\/de\/","name":"Petite Arvine","description":"Just another WordPress site","publisher":{"@id":"https:\/\/www.petitesarvinesfully.ch\/de\/#organization"},"potentialAction":[{"@type":"SearchAction","target":{"@type":"EntryPoint","urlTemplate":"https:\/\/www.petitesarvinesfully.ch\/de\/?s={search_term_string}"},"query-input":{"@type":"PropertyValueSpecification","valueRequired":true,"valueName":"search_term_string"}}],"inLanguage":"de"},{"@type":"Organization","@id":"https:\/\/www.petitesarvinesfully.ch\/de\/#organization","name":"Fully Destination Petite Arvine","url":"https:\/\/www.petitesarvinesfully.ch\/de\/","logo":{"@type":"ImageObject","inLanguage":"de","@id":"https:\/\/www.petitesarvinesfully.ch\/de\/#\/schema\/logo\/image\/","url":"https:\/\/www.petitesarvinesfully.ch\/wp-content\/uploads\/2023\/12\/logo-petites-arvines-fully.png","contentUrl":"https:\/\/www.petitesarvinesfully.ch\/wp-content\/uploads\/2023\/12\/logo-petites-arvines-fully.png","width":1200,"height":1200,"caption":"Fully Destination Petite Arvine"},"image":{"@id":"https:\/\/www.petitesarvinesfully.ch\/de\/#\/schema\/logo\/image\/"},"sameAs":["https:\/\/www.facebook.com\/petitesarvinesfully","https:\/\/www.instagram.com\/petitesarvinesfully\/"]}]}},"_links":{"self":[{"href":"https:\/\/www.petitesarvinesfully.ch\/de\/wp-json\/wp\/v2\/producer\/1200","targetHints":{"allow":["GET"]}}],"collection":[{"href":"https:\/\/www.petitesarvinesfully.ch\/de\/wp-json\/wp\/v2\/producer"}],"about":[{"href":"https:\/\/www.petitesarvinesfully.ch\/de\/wp-json\/wp\/v2\/types\/producer"}],"wp:featuredmedia":[{"embeddable":true,"href":"https:\/\/www.petitesarvinesfully.ch\/de\/wp-json\/wp\/v2\/media\/2114"}],"wp:attachment":[{"href":"https:\/\/www.petitesarvinesfully.ch\/de\/wp-json\/wp\/v2\/media?parent=1200"}],"wp:term":[{"taxonomy":"producer_category","embeddable":true,"href":"https:\/\/www.petitesarvinesfully.ch\/de\/wp-json\/wp\/v2\/producer_category?post=1200"}],"curies":[{"name":"wp","href":"https:\/\/api.w.org\/{rel}","templated":true}]}}

<p>Mit dem Önlogie-Diplom der Fachhochschule Changins in der Tasche übernimmt Anthony im Jahre 2002 das Zepter des Familienbetriebes, welcher anfangs der 1950er- Jahre von Jean Maret, seinem Grossvater, gegründet wurde. Die Weinstöcke auf dem 3 ha umfassenden Betrieb sind ausschliesslich auf terrassierten Rebhängen angepflanzt. Der Petite Arvine und der Cornalin sind ohne Zweifel seine «Speerspitzen». Das granithaltige Terroir von Fully bringt die besonderen Qualitäten dieser Rebsorten voll zum Tragen.</p>

<!-- This site is optimized with the Yoast SEO plugin v27.5 - https://yoast.com/product/yoast-seo-wordpress/ -->
<title>Cave Jean Maret - Petite Arvine</title>
<meta name="robots" content="index, follow, max-snippet:-1, max-image-preview:large, max-video-preview:-1" />
<link rel="canonical" href="https://www.petitesarvinesfully.ch/de/producteurs/cave-jean-maret/" />
<meta property="og:locale" content="de_DE" />
<meta property="og:type" content="article" />
<meta property="og:title" content="Cave Jean Maret - Petite Arvine" />
<meta property="og:description" content="Mit dem Önlogie-Diplom der Fachhochschule Changins in der Tasche übernimmt Anthony im Jahre 2002 das Zepter des Familienbetriebes, welcher anfangs&hellip; Weiterlesen Cave Jean Maret" />
<meta property="og:url" content="https://www.petitesarvinesfully.ch/de/producteurs/cave-jean-maret/" />
<meta property="og:site_name" content="Petite Arvine" />
<meta property="article:publisher" content="https://www.facebook.com/petitesarvinesfully" />
<meta property="article:modified_time" content="2024-01-25T16:14:24+00:00" />
<meta property="og:image" content="https://www.petitesarvinesfully.ch/wp-content/uploads/2021/09/petites-arvines-fully-cave-jean-maret-anthony-baselgia.webp" />
	<meta property="og:image:width" content="1086" />
	<meta property="og:image:height" content="1536" />
	<meta property="og:image:type" content="image/webp" />
<meta name="twitter:card" content="summary_large_image" />
<meta name="twitter:label1" content="Geschätzte Lesezeit" />
	<meta name="twitter:data1" content="1 Minute" />
<script type="application/ld+json" class="yoast-schema-graph">{"@context":"https:\/\/schema.org","@graph":[{"@type":"WebPage","@id":"https:\/\/www.petitesarvinesfully.ch\/de\/producteurs\/cave-jean-maret\/","url":"https:\/\/www.petitesarvinesfully.ch\/de\/producteurs\/cave-jean-maret\/","name":"Cave Jean Maret - Petite Arvine","isPartOf":{"@id":"https:\/\/www.petitesarvinesfully.ch\/de\/#website"},"primaryImageOfPage":{"@id":"https:\/\/www.petitesarvinesfully.ch\/de\/producteurs\/cave-jean-maret\/#primaryimage"},"image":{"@id":"https:\/\/www.petitesarvinesfully.ch\/de\/producteurs\/cave-jean-maret\/#primaryimage"},"thumbnailUrl":"https:\/\/www.petitesarvinesfully.ch\/wp-content\/uploads\/2021\/09\/petites-arvines-fully-cave-jean-maret-anthony-baselgia.webp","datePublished":"2021-09-30T12:09:21+00:00","dateModified":"2024-01-25T16:14:24+00:00","breadcrumb":{"@id":"https:\/\/www.petitesarvinesfully.ch\/de\/producteurs\/cave-jean-maret\/#breadcrumb"},"inLanguage":"de","potentialAction":[{"@type":"ReadAction","target":["https:\/\/www.petitesarvinesfully.ch\/de\/producteurs\/cave-jean-maret\/"]}]},{"@type":"ImageObject","inLanguage":"de","@id":"https:\/\/www.petitesarvinesfully.ch\/de\/producteurs\/cave-jean-maret\/#primaryimage","url":"https:\/\/www.petitesarvinesfully.ch\/wp-content\/uploads\/2021\/09\/petites-arvines-fully-cave-jean-maret-anthony-baselgia.webp","contentUrl":"https:\/\/www.petitesarvinesfully.ch\/wp-content\/uploads\/2021\/09\/petites-arvines-fully-cave-jean-maret-anthony-baselgia.webp","width":1086,"height":1536,"caption":"Petites Arvines de Fully - Cave Jean Maret - Anthony Baselgia"},{"@type":"BreadcrumbList","@id":"https:\/\/www.petitesarvinesfully.ch\/de\/producteurs\/cave-jean-maret\/#breadcrumb","itemListElement":[{"@type":"ListItem","position":1,"name":"Accueil","item":"https:\/\/www.petitesarvinesfully.ch\/de\/"},{"@type":"ListItem","position":2,"name":"Cave Jean Maret"}]},{"@type":"WebSite","@id":"https:\/\/www.petitesarvinesfully.ch\/de\/#website","url":"https:\/\/www.petitesarvinesfully.ch\/de\/","name":"Petite Arvine","description":"Just another WordPress site","publisher":{"@id":"https:\/\/www.petitesarvinesfully.ch\/de\/#organization"},"potentialAction":[{"@type":"SearchAction","target":{"@type":"EntryPoint","urlTemplate":"https:\/\/www.petitesarvinesfully.ch\/de\/?s={search_term_string}"},"query-input":{"@type":"PropertyValueSpecification","valueRequired":true,"valueName":"search_term_string"}}],"inLanguage":"de"},{"@type":"Organization","@id":"https:\/\/www.petitesarvinesfully.ch\/de\/#organization","name":"Fully Destination Petite Arvine","url":"https:\/\/www.petitesarvinesfully.ch\/de\/","logo":{"@type":"ImageObject","inLanguage":"de","@id":"https:\/\/www.petitesarvinesfully.ch\/de\/#\/schema\/logo\/image\/","url":"https:\/\/www.petitesarvinesfully.ch\/wp-content\/uploads\/2023\/12\/logo-petites-arvines-fully.png","contentUrl":"https:\/\/www.petitesarvinesfully.ch\/wp-content\/uploads\/2023\/12\/logo-petites-arvines-fully.png","width":1200,"height":1200,"caption":"Fully Destination Petite Arvine"},"image":{"@id":"https:\/\/www.petitesarvinesfully.ch\/de\/#\/schema\/logo\/image\/"},"sameAs":["https:\/\/www.facebook.com\/petitesarvinesfully","https:\/\/www.instagram.com\/petitesarvinesfully\/"]}]}</script>
<!-- / Yoast SEO plugin. -->

Mit dem Önlogie-Diplom der Fachhochschule Changins in der Tasche übernimmt Anthony im Jahre 2002 das Zepter des Familienbetriebes, welcher anfangs&hellip; Weiterlesen Cave Jean Maret
