{"id":1172,"date":"2021-10-15T09:22:53","date_gmt":"2021-10-15T09:22:53","guid":{"rendered":"https:\/\/www.petitesarvinesfully.ch\/producteurs\/pavillon-folterres\/"},"modified":"2024-01-25T11:36:19","modified_gmt":"2024-01-25T10:36:19","slug":"pavillon-folterres","status":"publish","type":"producer","link":"https:\/\/www.petitesarvinesfully.ch\/de\/producteurs\/pavillon-folterres\/","title":{"rendered":"Pavillon Fol&#8217;terres"},"content":{"rendered":"<p>Julian Dorsaz, seit 2008 Chef des agrotouristischen Pavillons \u00abFol\u2019terres\u00bb, hat die Vermarktung der zwischen Rhone, Weinbergen und Naturreservat entwickelten Walliser Weine neu erfunden. Dieser Pavillon, die Eingangspforte zum Walliser Gourmet-Erlebnis, ist das Schaufenster der Kelterer von Fully Grand Cru und f\u00fcr 10 andere Produzenten, welche Trockenw\u00fcrste, Fr\u00fcchte und Gem\u00fcse, Terrinen, Honig, Lik\u00f6rs, Fruchts\u00e4fte usw. herstellen. Dieser Pavillon, ein Ort der Geselligkeit, steht f\u00fcr Nachhaltigkeit und f\u00f6rdert die kulturelle Identit\u00e4t der Region. Hier werden Geschmack und Terroir in Vollendung zelebriert.<\/p>\n","protected":false},"featured_media":2027,"template":"","producer_category":[30],"class_list":["post-1172","producer","type-producer","status-publish","has-post-thumbnail","hentry","producer_category-weinmacher"],"acf":[],"yoast_head":"<!-- This site is optimized with the Yoast SEO plugin v27.5 - https:\/\/yoast.com\/product\/yoast-seo-wordpress\/ -->\n<title>Pavillon Fol&#039;terres - Petite Arvine<\/title>\n<meta name=\"robots\" content=\"index, follow, max-snippet:-1, max-image-preview:large, max-video-preview:-1\" \/>\n<link rel=\"canonical\" href=\"https:\/\/www.petitesarvinesfully.ch\/de\/producteurs\/pavillon-folterres\/\" \/>\n<meta property=\"og:locale\" content=\"de_DE\" \/>\n<meta property=\"og:type\" content=\"article\" \/>\n<meta property=\"og:title\" content=\"Pavillon Fol&#039;terres - Petite Arvine\" \/>\n<meta property=\"og:description\" content=\"Julian Dorsaz, seit 2008 Chef des agrotouristischen Pavillons \u00abFol\u2019terres\u00bb, hat die Vermarktung der zwischen Rhone, Weinbergen und Naturreservat entwickelten Walliser&hellip; Weiterlesen Pavillon Fol&#8217;terres\" \/>\n<meta property=\"og:url\" content=\"https:\/\/www.petitesarvinesfully.ch\/de\/producteurs\/pavillon-folterres\/\" \/>\n<meta property=\"og:site_name\" content=\"Petite Arvine\" \/>\n<meta property=\"article:publisher\" content=\"https:\/\/www.facebook.com\/petitesarvinesfully\" \/>\n<meta property=\"article:modified_time\" content=\"2024-01-25T10:36:19+00:00\" \/>\n<meta property=\"og:image\" content=\"https:\/\/www.petitesarvinesfully.ch\/wp-content\/uploads\/2021\/10\/petites-arvines-fully-producteurs-pavillon-folterres-julian-dorsaz.webp\" \/>\n\t<meta property=\"og:image:width\" content=\"1086\" \/>\n\t<meta property=\"og:image:height\" content=\"1536\" \/>\n\t<meta property=\"og:image:type\" content=\"image\/webp\" \/>\n<meta name=\"twitter:card\" content=\"summary_large_image\" \/>\n<meta name=\"twitter:label1\" content=\"Gesch\u00e4tzte Lesezeit\" \/>\n\t<meta name=\"twitter:data1\" content=\"1\u00a0Minute\" \/>\n<script type=\"application\/ld+json\" class=\"yoast-schema-graph\">{\"@context\":\"https:\\\/\\\/schema.org\",\"@graph\":[{\"@type\":\"WebPage\",\"@id\":\"https:\\\/\\\/www.petitesarvinesfully.ch\\\/de\\\/producteurs\\\/pavillon-folterres\\\/\",\"url\":\"https:\\\/\\\/www.petitesarvinesfully.ch\\\/de\\\/producteurs\\\/pavillon-folterres\\\/\",\"name\":\"Pavillon Fol'terres - Petite Arvine\",\"isPartOf\":{\"@id\":\"https:\\\/\\\/www.petitesarvinesfully.ch\\\/de\\\/#website\"},\"primaryImageOfPage\":{\"@id\":\"https:\\\/\\\/www.petitesarvinesfully.ch\\\/de\\\/producteurs\\\/pavillon-folterres\\\/#primaryimage\"},\"image\":{\"@id\":\"https:\\\/\\\/www.petitesarvinesfully.ch\\\/de\\\/producteurs\\\/pavillon-folterres\\\/#primaryimage\"},\"thumbnailUrl\":\"https:\\\/\\\/www.petitesarvinesfully.ch\\\/wp-content\\\/uploads\\\/2021\\\/10\\\/petites-arvines-fully-producteurs-pavillon-folterres-julian-dorsaz.webp\",\"datePublished\":\"2021-10-15T09:22:53+00:00\",\"dateModified\":\"2024-01-25T10:36:19+00:00\",\"breadcrumb\":{\"@id\":\"https:\\\/\\\/www.petitesarvinesfully.ch\\\/de\\\/producteurs\\\/pavillon-folterres\\\/#breadcrumb\"},\"inLanguage\":\"de\",\"potentialAction\":[{\"@type\":\"ReadAction\",\"target\":[\"https:\\\/\\\/www.petitesarvinesfully.ch\\\/de\\\/producteurs\\\/pavillon-folterres\\\/\"]}]},{\"@type\":\"ImageObject\",\"inLanguage\":\"de\",\"@id\":\"https:\\\/\\\/www.petitesarvinesfully.ch\\\/de\\\/producteurs\\\/pavillon-folterres\\\/#primaryimage\",\"url\":\"https:\\\/\\\/www.petitesarvinesfully.ch\\\/wp-content\\\/uploads\\\/2021\\\/10\\\/petites-arvines-fully-producteurs-pavillon-folterres-julian-dorsaz.webp\",\"contentUrl\":\"https:\\\/\\\/www.petitesarvinesfully.ch\\\/wp-content\\\/uploads\\\/2021\\\/10\\\/petites-arvines-fully-producteurs-pavillon-folterres-julian-dorsaz.webp\",\"width\":1086,\"height\":1536,\"caption\":\"Pavillon Fol'terres - Julian Dorsaz\"},{\"@type\":\"BreadcrumbList\",\"@id\":\"https:\\\/\\\/www.petitesarvinesfully.ch\\\/de\\\/producteurs\\\/pavillon-folterres\\\/#breadcrumb\",\"itemListElement\":[{\"@type\":\"ListItem\",\"position\":1,\"name\":\"Accueil\",\"item\":\"https:\\\/\\\/www.petitesarvinesfully.ch\\\/de\\\/\"},{\"@type\":\"ListItem\",\"position\":2,\"name\":\"Pavillon Fol&rsquo;terres\"}]},{\"@type\":\"WebSite\",\"@id\":\"https:\\\/\\\/www.petitesarvinesfully.ch\\\/de\\\/#website\",\"url\":\"https:\\\/\\\/www.petitesarvinesfully.ch\\\/de\\\/\",\"name\":\"Petite Arvine\",\"description\":\"Just another WordPress site\",\"publisher\":{\"@id\":\"https:\\\/\\\/www.petitesarvinesfully.ch\\\/de\\\/#organization\"},\"potentialAction\":[{\"@type\":\"SearchAction\",\"target\":{\"@type\":\"EntryPoint\",\"urlTemplate\":\"https:\\\/\\\/www.petitesarvinesfully.ch\\\/de\\\/?s={search_term_string}\"},\"query-input\":{\"@type\":\"PropertyValueSpecification\",\"valueRequired\":true,\"valueName\":\"search_term_string\"}}],\"inLanguage\":\"de\"},{\"@type\":\"Organization\",\"@id\":\"https:\\\/\\\/www.petitesarvinesfully.ch\\\/de\\\/#organization\",\"name\":\"Fully Destination Petite Arvine\",\"url\":\"https:\\\/\\\/www.petitesarvinesfully.ch\\\/de\\\/\",\"logo\":{\"@type\":\"ImageObject\",\"inLanguage\":\"de\",\"@id\":\"https:\\\/\\\/www.petitesarvinesfully.ch\\\/de\\\/#\\\/schema\\\/logo\\\/image\\\/\",\"url\":\"https:\\\/\\\/www.petitesarvinesfully.ch\\\/wp-content\\\/uploads\\\/2023\\\/12\\\/logo-petites-arvines-fully.png\",\"contentUrl\":\"https:\\\/\\\/www.petitesarvinesfully.ch\\\/wp-content\\\/uploads\\\/2023\\\/12\\\/logo-petites-arvines-fully.png\",\"width\":1200,\"height\":1200,\"caption\":\"Fully Destination Petite Arvine\"},\"image\":{\"@id\":\"https:\\\/\\\/www.petitesarvinesfully.ch\\\/de\\\/#\\\/schema\\\/logo\\\/image\\\/\"},\"sameAs\":[\"https:\\\/\\\/www.facebook.com\\\/petitesarvinesfully\",\"https:\\\/\\\/www.instagram.com\\\/petitesarvinesfully\\\/\"]}]}<\/script>\n<!-- \/ Yoast SEO plugin. -->","yoast_head_json":{"title":"Pavillon Fol'terres - Petite Arvine","robots":{"index":"index","follow":"follow","max-snippet":"max-snippet:-1","max-image-preview":"max-image-preview:large","max-video-preview":"max-video-preview:-1"},"canonical":"https:\/\/www.petitesarvinesfully.ch\/de\/producteurs\/pavillon-folterres\/","og_locale":"de_DE","og_type":"article","og_title":"Pavillon Fol'terres - Petite Arvine","og_description":"Julian Dorsaz, seit 2008 Chef des agrotouristischen Pavillons \u00abFol\u2019terres\u00bb, hat die Vermarktung der zwischen Rhone, Weinbergen und Naturreservat entwickelten Walliser&hellip; Weiterlesen Pavillon Fol&#8217;terres","og_url":"https:\/\/www.petitesarvinesfully.ch\/de\/producteurs\/pavillon-folterres\/","og_site_name":"Petite Arvine","article_publisher":"https:\/\/www.facebook.com\/petitesarvinesfully","article_modified_time":"2024-01-25T10:36:19+00:00","og_image":[{"width":1086,"height":1536,"url":"https:\/\/www.petitesarvinesfully.ch\/wp-content\/uploads\/2021\/10\/petites-arvines-fully-producteurs-pavillon-folterres-julian-dorsaz.webp","type":"image\/webp"}],"twitter_card":"summary_large_image","twitter_misc":{"Gesch\u00e4tzte Lesezeit":"1\u00a0Minute"},"schema":{"@context":"https:\/\/schema.org","@graph":[{"@type":"WebPage","@id":"https:\/\/www.petitesarvinesfully.ch\/de\/producteurs\/pavillon-folterres\/","url":"https:\/\/www.petitesarvinesfully.ch\/de\/producteurs\/pavillon-folterres\/","name":"Pavillon Fol'terres - Petite Arvine","isPartOf":{"@id":"https:\/\/www.petitesarvinesfully.ch\/de\/#website"},"primaryImageOfPage":{"@id":"https:\/\/www.petitesarvinesfully.ch\/de\/producteurs\/pavillon-folterres\/#primaryimage"},"image":{"@id":"https:\/\/www.petitesarvinesfully.ch\/de\/producteurs\/pavillon-folterres\/#primaryimage"},"thumbnailUrl":"https:\/\/www.petitesarvinesfully.ch\/wp-content\/uploads\/2021\/10\/petites-arvines-fully-producteurs-pavillon-folterres-julian-dorsaz.webp","datePublished":"2021-10-15T09:22:53+00:00","dateModified":"2024-01-25T10:36:19+00:00","breadcrumb":{"@id":"https:\/\/www.petitesarvinesfully.ch\/de\/producteurs\/pavillon-folterres\/#breadcrumb"},"inLanguage":"de","potentialAction":[{"@type":"ReadAction","target":["https:\/\/www.petitesarvinesfully.ch\/de\/producteurs\/pavillon-folterres\/"]}]},{"@type":"ImageObject","inLanguage":"de","@id":"https:\/\/www.petitesarvinesfully.ch\/de\/producteurs\/pavillon-folterres\/#primaryimage","url":"https:\/\/www.petitesarvinesfully.ch\/wp-content\/uploads\/2021\/10\/petites-arvines-fully-producteurs-pavillon-folterres-julian-dorsaz.webp","contentUrl":"https:\/\/www.petitesarvinesfully.ch\/wp-content\/uploads\/2021\/10\/petites-arvines-fully-producteurs-pavillon-folterres-julian-dorsaz.webp","width":1086,"height":1536,"caption":"Pavillon Fol'terres - Julian Dorsaz"},{"@type":"BreadcrumbList","@id":"https:\/\/www.petitesarvinesfully.ch\/de\/producteurs\/pavillon-folterres\/#breadcrumb","itemListElement":[{"@type":"ListItem","position":1,"name":"Accueil","item":"https:\/\/www.petitesarvinesfully.ch\/de\/"},{"@type":"ListItem","position":2,"name":"Pavillon Fol&rsquo;terres"}]},{"@type":"WebSite","@id":"https:\/\/www.petitesarvinesfully.ch\/de\/#website","url":"https:\/\/www.petitesarvinesfully.ch\/de\/","name":"Petite Arvine","description":"Just another WordPress site","publisher":{"@id":"https:\/\/www.petitesarvinesfully.ch\/de\/#organization"},"potentialAction":[{"@type":"SearchAction","target":{"@type":"EntryPoint","urlTemplate":"https:\/\/www.petitesarvinesfully.ch\/de\/?s={search_term_string}"},"query-input":{"@type":"PropertyValueSpecification","valueRequired":true,"valueName":"search_term_string"}}],"inLanguage":"de"},{"@type":"Organization","@id":"https:\/\/www.petitesarvinesfully.ch\/de\/#organization","name":"Fully Destination Petite Arvine","url":"https:\/\/www.petitesarvinesfully.ch\/de\/","logo":{"@type":"ImageObject","inLanguage":"de","@id":"https:\/\/www.petitesarvinesfully.ch\/de\/#\/schema\/logo\/image\/","url":"https:\/\/www.petitesarvinesfully.ch\/wp-content\/uploads\/2023\/12\/logo-petites-arvines-fully.png","contentUrl":"https:\/\/www.petitesarvinesfully.ch\/wp-content\/uploads\/2023\/12\/logo-petites-arvines-fully.png","width":1200,"height":1200,"caption":"Fully Destination Petite Arvine"},"image":{"@id":"https:\/\/www.petitesarvinesfully.ch\/de\/#\/schema\/logo\/image\/"},"sameAs":["https:\/\/www.facebook.com\/petitesarvinesfully","https:\/\/www.instagram.com\/petitesarvinesfully\/"]}]}},"_links":{"self":[{"href":"https:\/\/www.petitesarvinesfully.ch\/de\/wp-json\/wp\/v2\/producer\/1172","targetHints":{"allow":["GET"]}}],"collection":[{"href":"https:\/\/www.petitesarvinesfully.ch\/de\/wp-json\/wp\/v2\/producer"}],"about":[{"href":"https:\/\/www.petitesarvinesfully.ch\/de\/wp-json\/wp\/v2\/types\/producer"}],"wp:featuredmedia":[{"embeddable":true,"href":"https:\/\/www.petitesarvinesfully.ch\/de\/wp-json\/wp\/v2\/media\/2027"}],"wp:attachment":[{"href":"https:\/\/www.petitesarvinesfully.ch\/de\/wp-json\/wp\/v2\/media?parent=1172"}],"wp:term":[{"taxonomy":"producer_category","embeddable":true,"href":"https:\/\/www.petitesarvinesfully.ch\/de\/wp-json\/wp\/v2\/producer_category?post=1172"}],"curies":[{"name":"wp","href":"https:\/\/api.w.org\/{rel}","templated":true}]}}

<p>Julian Dorsaz, seit 2008 Chef des agrotouristischen Pavillons «Fol’terres», hat die Vermarktung der zwischen Rhone, Weinbergen und Naturreservat entwickelten Walliser Weine neu erfunden. Dieser Pavillon, die Eingangspforte zum Walliser Gourmet-Erlebnis, ist das Schaufenster der Kelterer von Fully Grand Cru und für 10 andere Produzenten, welche Trockenwürste, Früchte und Gemüse, Terrinen, Honig, Likörs, Fruchtsäfte usw. herstellen. Dieser Pavillon, ein Ort der Geselligkeit, steht für Nachhaltigkeit und fördert die kulturelle Identität der Region. Hier werden Geschmack und Terroir in Vollendung zelebriert.</p>

<!-- This site is optimized with the Yoast SEO plugin v27.5 - https://yoast.com/product/yoast-seo-wordpress/ -->
<title>Pavillon Fol&#039;terres - Petite Arvine</title>
<meta name="robots" content="index, follow, max-snippet:-1, max-image-preview:large, max-video-preview:-1" />
<link rel="canonical" href="https://www.petitesarvinesfully.ch/de/producteurs/pavillon-folterres/" />
<meta property="og:locale" content="de_DE" />
<meta property="og:type" content="article" />
<meta property="og:title" content="Pavillon Fol&#039;terres - Petite Arvine" />
<meta property="og:description" content="Julian Dorsaz, seit 2008 Chef des agrotouristischen Pavillons «Fol’terres», hat die Vermarktung der zwischen Rhone, Weinbergen und Naturreservat entwickelten Walliser&hellip; Weiterlesen Pavillon Fol&#8217;terres" />
<meta property="og:url" content="https://www.petitesarvinesfully.ch/de/producteurs/pavillon-folterres/" />
<meta property="og:site_name" content="Petite Arvine" />
<meta property="article:publisher" content="https://www.facebook.com/petitesarvinesfully" />
<meta property="article:modified_time" content="2024-01-25T10:36:19+00:00" />
<meta property="og:image" content="https://www.petitesarvinesfully.ch/wp-content/uploads/2021/10/petites-arvines-fully-producteurs-pavillon-folterres-julian-dorsaz.webp" />
	<meta property="og:image:width" content="1086" />
	<meta property="og:image:height" content="1536" />
	<meta property="og:image:type" content="image/webp" />
<meta name="twitter:card" content="summary_large_image" />
<meta name="twitter:label1" content="Geschätzte Lesezeit" />
	<meta name="twitter:data1" content="1 Minute" />
<script type="application/ld+json" class="yoast-schema-graph">{"@context":"https:\/\/schema.org","@graph":[{"@type":"WebPage","@id":"https:\/\/www.petitesarvinesfully.ch\/de\/producteurs\/pavillon-folterres\/","url":"https:\/\/www.petitesarvinesfully.ch\/de\/producteurs\/pavillon-folterres\/","name":"Pavillon Fol'terres - Petite Arvine","isPartOf":{"@id":"https:\/\/www.petitesarvinesfully.ch\/de\/#website"},"primaryImageOfPage":{"@id":"https:\/\/www.petitesarvinesfully.ch\/de\/producteurs\/pavillon-folterres\/#primaryimage"},"image":{"@id":"https:\/\/www.petitesarvinesfully.ch\/de\/producteurs\/pavillon-folterres\/#primaryimage"},"thumbnailUrl":"https:\/\/www.petitesarvinesfully.ch\/wp-content\/uploads\/2021\/10\/petites-arvines-fully-producteurs-pavillon-folterres-julian-dorsaz.webp","datePublished":"2021-10-15T09:22:53+00:00","dateModified":"2024-01-25T10:36:19+00:00","breadcrumb":{"@id":"https:\/\/www.petitesarvinesfully.ch\/de\/producteurs\/pavillon-folterres\/#breadcrumb"},"inLanguage":"de","potentialAction":[{"@type":"ReadAction","target":["https:\/\/www.petitesarvinesfully.ch\/de\/producteurs\/pavillon-folterres\/"]}]},{"@type":"ImageObject","inLanguage":"de","@id":"https:\/\/www.petitesarvinesfully.ch\/de\/producteurs\/pavillon-folterres\/#primaryimage","url":"https:\/\/www.petitesarvinesfully.ch\/wp-content\/uploads\/2021\/10\/petites-arvines-fully-producteurs-pavillon-folterres-julian-dorsaz.webp","contentUrl":"https:\/\/www.petitesarvinesfully.ch\/wp-content\/uploads\/2021\/10\/petites-arvines-fully-producteurs-pavillon-folterres-julian-dorsaz.webp","width":1086,"height":1536,"caption":"Pavillon Fol'terres - Julian Dorsaz"},{"@type":"BreadcrumbList","@id":"https:\/\/www.petitesarvinesfully.ch\/de\/producteurs\/pavillon-folterres\/#breadcrumb","itemListElement":[{"@type":"ListItem","position":1,"name":"Accueil","item":"https:\/\/www.petitesarvinesfully.ch\/de\/"},{"@type":"ListItem","position":2,"name":"Pavillon Fol&rsquo;terres"}]},{"@type":"WebSite","@id":"https:\/\/www.petitesarvinesfully.ch\/de\/#website","url":"https:\/\/www.petitesarvinesfully.ch\/de\/","name":"Petite Arvine","description":"Just another WordPress site","publisher":{"@id":"https:\/\/www.petitesarvinesfully.ch\/de\/#organization"},"potentialAction":[{"@type":"SearchAction","target":{"@type":"EntryPoint","urlTemplate":"https:\/\/www.petitesarvinesfully.ch\/de\/?s={search_term_string}"},"query-input":{"@type":"PropertyValueSpecification","valueRequired":true,"valueName":"search_term_string"}}],"inLanguage":"de"},{"@type":"Organization","@id":"https:\/\/www.petitesarvinesfully.ch\/de\/#organization","name":"Fully Destination Petite Arvine","url":"https:\/\/www.petitesarvinesfully.ch\/de\/","logo":{"@type":"ImageObject","inLanguage":"de","@id":"https:\/\/www.petitesarvinesfully.ch\/de\/#\/schema\/logo\/image\/","url":"https:\/\/www.petitesarvinesfully.ch\/wp-content\/uploads\/2023\/12\/logo-petites-arvines-fully.png","contentUrl":"https:\/\/www.petitesarvinesfully.ch\/wp-content\/uploads\/2023\/12\/logo-petites-arvines-fully.png","width":1200,"height":1200,"caption":"Fully Destination Petite Arvine"},"image":{"@id":"https:\/\/www.petitesarvinesfully.ch\/de\/#\/schema\/logo\/image\/"},"sameAs":["https:\/\/www.facebook.com\/petitesarvinesfully","https:\/\/www.instagram.com\/petitesarvinesfully\/"]}]}</script>
<!-- / Yoast SEO plugin. -->
